*x**2. List the prime factors of i(-20).
5, 37
Suppose v = -4*v + 2725. Suppose 4*k + 155 - 695 = -4*l, 3*k - v = -4*l. What are the prime factors of (-1350)/(-14) + (-60)/l?
2, 3
Suppose 0*g - 9*g = 0. Let j(r) = r + 9. Let u be j(g). Let i = 29 - u. List the prime factors of i.
2, 5
Let s be 0 - -2*2/2. Suppose 1605 = m - 0*m + 2*c, 0 = -2*c - s. List the prime factors of m.
1607
Let b(j) = j**2 + 317*j + 384. What are the prime factors of b(105)?
2, 3, 13, 191
Let v(t) = 332*t**3 + t**2 + 3*t + 1. Let u be v(-1). Let p = u - -476. What are the prime factors of p?
11, 13
Suppose -10 = 18*w - 20*w. Suppose w*i + 12*i = 731. What are the prime factors of i?
43
Let p be ((-27)/(-18))/((-6)/(-20)). Suppose -p*l + 633 + 227 = 0. What are the prime factors of l/(-3)*(-12)/8?
2, 43
Let a(b) = 3*b**2 + 201*b + 553. List the prime factors of a(-90).
6763
Let n(y) = -y**2 - 21*y - 13. Let o be n(-18). Let s = o + -38. Suppose -50 = -v + s*c, 219 = 4*v - 5*c + 33. What are the prime factors of v?
2, 11
Let c = 9118 - 3497. What are the prime factors of c?
7, 11, 73
Let q = 4619 - 2863. What are the prime factors of q?
2, 439
Let c = 7707 - 4567. What are the prime factors of c?
2, 5, 157
Let r(p) = -4*p + 6. Let j(n) = n**2 + 7*n + 6. Let k be j(-3). Let w be r(k). List the prime factors of 12/w - (-148)/5.
2, 3, 5
Let t = 83585 + -31294. What are the prime factors of t?
52291
Let q = -268 + 271. Suppose 4*z - 983 = q*k + 2305, -k = -4*z + 3280. List the prime factors of z.
3, 7, 13
Let f(j) be the first derivative of -17*j**2/2 + 283*j - 114. List the prime factors of f(-33).
2, 211
Let b(m) = -m**2 + 6*m + 6. Let s be b(8). What are the prime factors of (440 - 2)*s/(-15)?
2, 73
What are the prime factors of (45/15)/(0 - 3/(-32829))?
3, 31, 353
Suppose 4*x + 22 = -3*d, 4*x + 3 + 13 = 0. Let k be (-23 + 19)/(4/d). Suppose -4*q + t + 56 = -97, 10 = -k*t. What are the prime factors of q?
37
Let o(i) be the first derivative of -14 + i + 3/2*i**2 + 73*i**3. What are the prime factors of o(-1)?
7, 31
Suppose -294 = -3*f + 5*r, 0 = -3*f - 3*r + 154 + 116. Let i = -87 + f. What are the prime factors of (-2)/(i/(-9)) + 18?
3, 7
Let i(v) = 14*v + 3. Let q be i(2). Let c(d) = 12*d + 64. List the prime factors of c(q).
2, 109
Let j = -587 - -598. Suppose j - 1061 = -5*o. What are the prime factors of o?
2, 3, 5, 7
Let f be 8*(-1 + -1)*-2. Let y = 29 - f. What are the prime factors of y/(0 + (-3)/(-2)) - -75?
73
Let t(f) = -f**3 - 14*f**2 + 22*f + 15. Let m be t(-16). Suppose 3*i + b = -m, -55 = 5*i - 2*b + 255. Let k = -32 - i. List the prime factors of k.
2, 7
Let b(s) = -69*s - 1. Let j be b(1). Let u be -1 + 2*(-175)/(-2). Let k = j + u. List the prime factors of k.
2, 13
Suppose -2*t = -5*t + 1017. Let h = 567 - t. Suppose 4*n = h - 72. What are the prime factors of n?
3, 13
Suppose 5*r - 395 = u - 6*u, 4*r - 5*u - 289 = 0. Let k = 92 - r. Suppose -k*t + 483 = -9*t. What are the prime factors of t?
3, 23
Suppose 5 = -3*g - 4, -5*g - 60 = 5*v. Let s = 34 - v. Suppose -s = -i + 54. List the prime factors of i.
97
Let w(d) = -4*d - 21 - d**3 - 19*d - 18 - 38*d**2 + 16*d**2. Let f be w(-21). Suppose 0 = -17*u + f*u + 868. What are the prime factors of u?
2, 31
Let t(c) = -2*c**3 - 18*c**2 + 11*c - 21. Let k be t(-10). Suppose 2*n - 288 = 5*w, -n + k = 5*w - 60. List the prime factors of n.
139
Let j(s) = -144*s**2 + 69*s**2 + 68*s**2 - 7 + 7*s. Let b be j(-7). List the prime factors of (-6406)/(-22) - (-5 - b/77).
3, 97
Let k(n) = 397*n - 10570. What are the prime factors of k(110)?
2, 5, 331
Let r be -2 + ((-56)/(-8) + -13 - (-12 - -1)). Let l be 1 + 1 + 0 + 0. Suppose 2*a + l*o + 2 = 0, 0*o - r = -5*a - 3*o. What are the prime factors of a?
3
Let g(h) = -7*h**3 - h**2 + 2*h + 2. Let r be g(-1). Suppose -1844 = -r*b + 7534. Suppose b = 8*p + 291. List the prime factors of p.
3, 53
Let m = 75 - 72. Suppose 4 - m = -w - a, 4 = 5*w - 4*a. List the prime factors of -10 - -8 - -98*(w + 1).
2, 3
Suppose 2 = 7*p - 89. Suppose 1170 = p*t + 2*t. What are the prime factors of t?
2, 3, 13
Let d(y) = -912*y - 139. List the prime factors of d(-31).
7, 4019
Let h be (-1633)/(-3)*(-540)/(-90). Let v = h - 1500. List the prime factors of v.
2, 883
Suppose 4*t = 3*t + 8. Suppose -11*x = -t*x - 1065. What are the prime factors of x?
5, 71
What are the prime factors of 289/(-85) - 745752/(-30)?
3, 5, 1657
Let w be ((-17340)/(-119))/((-4)/(-56)). Suppose 3*r + 6*v - 3082 = 10*v, w = 2*r + v. What are the prime factors of r?
2, 7, 73
Let i(h) = -36*h**2 + 10*h + 16. Suppose -y = 1, 6*y - 20 = -2*m + 4*y. Let t be i(m). List the prime factors of (-5)/((-45)/(-6))*t/12.
5, 47
Let j = 264 - 460. Let k = j - -248. List the prime factors of k.
2, 13
Let f be (-5*1 - -2)/((-18)/(-384)). Let v = 68 + f. Suppose 810 - 282 = v*d. List the prime factors of d.
2, 3, 11
Let x(v) = -v**2 + 27*v + 680. What are the prime factors of x(31)?
2, 139
Suppose -2*c + 0*c + 310 = 0. Let l = -450 - -825. Suppose 0 = -5*v + 5*u + l, c = -3*v + 5*v - 3*u. List the prime factors of v.
2, 5, 7
Let i be (-2)/6 + (-6 - (-364)/12). Suppose 3*n - a = 2*a - i, n + 4*a = -13. What are the prime factors of (2/9)/1 - 1438/n?
2, 5
Let f(v) = v**2 + 10*v - 19. Let p be f(-12). Suppose p*l - 826 = 4*w, -l - w - 490 = -4*l. Let z = l + -82. List the prime factors of z.
2, 5
Let j be 1 + 1 + (72 - (1 - 6)). Suppose -2*z + j = 21. List the prime factors of z.
29
Suppose 12*a - 6*a - 1554 = 0. Let c = a - -772. What are the prime factors of c?
1031
Suppose 5*y - 5*h = 46655, -38*y + 3*h = -40*y + 18662. List the prime factors of y.
7, 31, 43
Let m be 2/8 - (-2326)/8. Suppose 0 = y - 11*z + 8*z - 205, 2*z = -2*y + 370. Let l = m - y. List the prime factors of l.
101
Let w be (-5)/((-5)/772) + -1. Let n(g) = g**2 - 12*g + 35. Let l be n(7). Suppose -z - w = -4*a - l*z, -5*a = -5*z - 975. What are the prime factors of a?
2, 3
Suppose 10*k = 863 + 167. Suppose -106*b + k*b + 387 = 0. Let g = b + 78. List the prime factors of g.
3, 23
Suppose 0 = -33*w + 304896 - 116037. What are the prime factors of w?
59, 97
Let t(q) = -q**3 + q**2 - q. Let c be t(1). Let h(k) be the third derivative of 11*k**5/12 - 5*k**4/24 - k**3/3 - 500*k**2. List the prime factors of h(c).
2, 29
Let y be -2*(-1)/5 + (-22400)/(-250). Suppose 88*s = y*s - 786. List the prime factors of s.
3, 131
Let k(g) = 541*g + 5881. What are the prime factors of k(6)?
9127
Suppose -4*f = 5*r - 43820, 0 = 3*f + r + 3*r - 32864. List the prime factors of f.
2, 5, 137
Suppose 160 = 4*h + 52. Suppose -115 - 115 = -5*k. Let j = k - h. List the prime factors of j.
19
Let j(a) be the first derivative of -43*a + 12 - 9/2*a**2. List the prime factors of j(-8).
29
Suppose 0 = -190*t + 192*t - 374. What are the prime factors of 86802/t - (-4)/(-22)?
2, 29
Suppose 0 = 3*t + 2*f - 3 + 9, 2*f + 6 = 3*t. Suppose 2*m = -m - 2*w + 639, t = -3*w + 9. List the prime factors of m.
211
Suppose 41 + 64 = 15*l. Suppose l*a + 7889 = 14*a. List the prime factors of a.
7, 23
Let y(o) = 13*o**2 - 4. Let q be y(4). Suppose -3*z = -0*u - 2*u + 153, -4*z = 3*u - q. Suppose 3*h - u = 93. What are the prime factors of h?
5, 11
Let p be (-2)/5 + 112/(-20). Let t be (-1)/((1*2/p)/1). Suppose 5*u + 236 = 3*n, -4*n - u = -t*n - 68. What are the prime factors of n?
2, 3
Suppose 0 = -3*c - 3*l + 156, 164 = 3*c - 0*l - 5*l. Suppose -6 = 51*h - c*h. Suppose -h*b - 192 = -2*p - p, 56 = p + b. List the prime factors of p.
2, 3, 5
Let z = 11109 + -3703. What are the prime factors of z?
2, 7, 23
List the prime factors of 5230/25*(-23)/((-161)/210).
2, 3, 523
Let b = 677 - 321. Suppose b = x - 13. List the prime factors of x.
3, 41
Let z(m) = 2*m**2 - 6*m + 4. Let q(s) = s**3 + 3*s**2 - 6*s + 6. Let v(l) = -3*q(l) + 4*z(l). What are the prime factors of v(-2)?
2, 3, 5
Let d = -37 + 59. Suppose -2*g + 5*b + d = -g, 2*g + 2*b = 44. Suppose -3*q + g = 4. List the prime factors of q.
2, 3
List the prime factors of 90/(-135) - 1214/(-3).
2, 101
Let b = -692 - -679. What are the prime factors of (b + 7)/((-6)/4)*269?
2, 269
Suppose -38295 = -43*p + 92339. List the prime factors of p.
2, 7, 31
Suppose 4*a + 12 = 0, -a - 74291 = 1165*i - 1166*i. What are the prime factors of i?
2, 4643
Let l be (2 - (-120)/(-66)) + 1